{"id":1067,"date":"2023-07-17T08:53:28","date_gmt":"2023-07-17T08:53:28","guid":{"rendered":"https:\/\/cristinaruanopsicologiamoncloa.com\/?page_id=1067"},"modified":"2023-07-17T08:53:30","modified_gmt":"2023-07-17T08:53:30","slug":"clausulas-informativas-en-formularios-web-doble-capa","status":"publish","type":"page","link":"https:\/\/cristinaruanopsicologiamoncloa.com\/index.php\/clausulas-informativas-en-formularios-web-doble-capa\/","title":{"rendered":"Cl\u00e1usulas informativas en formularios web (DOBLE CAPA)"},"content":{"rendered":"\n<p>En cada uno de los formularios donde se obtengan datos personales, se deber\u00e1 facilitar una informaci\u00f3n<br>b\u00e1sica del tratamiento (1\u00aa capa) que incluya, al menos:<br>La identidad del responsable del tratamiento y de su representante, en su caso.<br>No ser\u00e1 necesario facilitar esta informaci\u00f3n cuando su identidad est\u00e9 en el aviso legal y adem\u00e1s<br>pueda desprenderse de forma evidente del propio sitio web (nombre del dominio, marca<br>publicitada, etc.).<br>Los fines del tratamiento.<br>Informaci\u00f3n gen\u00e9rica sobre los fines a que se destinan los datos personales que se van a<br>recopilar.<br>Enlace a la Pol\u00edtica de privacidad.<br>Que contendr\u00e1 la informaci\u00f3n completa del tratamiento (2\u00aa capa).<br>INSTRUCCIONES DE CONFIGURACI\u00d3N EN LA P\u00c1GINA WEB<br>Incluir las siguientes cl\u00e1usulas informativas al final de cada uno de los siguientes formularios de la web.<br>La cl\u00e1usula puede contener uno o varios fines y algunos de estos pueden requerir el consentimiento del<br>usuario:<\/p>\n\n\n\n<ol class=\"wp-block-list\">\n<li>Si no se requiere el consentimiento, el destinatario del formulario podr\u00e1 tratar los datos para el fin<br>descrito, solo informando al usuario.<\/li>\n\n\n\n<li>Si se requiere el consentimiento, se mostrar\u00e1 una casilla de \u00abAcepto\u2026\u00bb para que el usuario decida si<br>acepta o no el tratamiento de datos para el fin concreto. En ambos casos, el destinatario deber\u00e1 guardar<br>una evidencia que acredite si el usuario ha dado o no el consentimiento; por ejemplo, una copia del<br>formulario en forma de correo electr\u00f3nico u otros medios que no sean manipulables.<br>Si el usuario acepta, el destinatario podr\u00e1 tratar los datos para este fin concreto y para los<br>dem\u00e1s fines que no requieran consentimiento, si existen.<br>Si el usuario no acepta, el destinatario no podr\u00e1 tratar los datos para este fin concreto, pero s\u00ed<br>para los dem\u00e1s fines, si existen.<br>No debe supeditarse el env\u00edo del formulario al consentimiento, por lo que si existe alg\u00fan fin<br>que no requiera consentimiento, el formulario se debe poder enviar igualmente.<br>En el formulario CONTACTO<br>Protecci\u00f3n de datos personales<br>Utilizaremos sus datos para responder consultas y realizar an\u00e1lisis estad\u00edsticos. Para m\u00e1s informaci\u00f3n<br>sobre el tratamiento y sus derechos, consulte la pol\u00edtica de privacidad<\/li>\n<\/ol>\n","protected":false},"excerpt":{"rendered":"<p>En cada uno de los formularios donde se obtengan datos personales, se deber\u00e1 facilitar una informaci\u00f3nb\u00e1sica del tratamiento (1\u00aa capa) que incluya, al menos:La identidad del responsable del tratamiento y de su representante, en su caso.No ser\u00e1 necesario facilitar esta informaci\u00f3n cuando su identidad est\u00e9 en el aviso legal y adem\u00e1spueda desprenderse de forma evidente [&hellip;]<\/p>\n","protected":false},"author":1,"featured_media":0,"parent":0,"menu_order":0,"comment_status":"closed","ping_status":"closed","template":"","meta":{"_eb_attr":"","ocean_post_layout":"","ocean_both_sidebars_style":"","ocean_both_sidebars_content_width":0,"ocean_both_sidebars_sidebars_width":0,"ocean_sidebar":"0","ocean_second_sidebar":"0","ocean_disable_margins":"enable","ocean_add_body_class":"","ocean_shortcode_before_top_bar":"","ocean_shortcode_after_top_bar":"","ocean_shortcode_before_header":"","ocean_shortcode_after_header":"","ocean_has_shortcode":"","ocean_shortcode_after_title":"","ocean_shortcode_before_footer_widgets":"","ocean_shortcode_after_footer_widgets":"","ocean_shortcode_before_footer_bottom":"","ocean_shortcode_after_footer_bottom":"","ocean_display_top_bar":"default","ocean_display_header":"default","ocean_header_style":"","ocean_center_header_left_menu":"0","ocean_custom_header_template":"0","ocean_custom_logo":0,"ocean_custom_retina_logo":0,"ocean_custom_logo_max_width":0,"ocean_custom_logo_tablet_max_width":0,"ocean_custom_logo_mobile_max_width":0,"ocean_custom_logo_max_height":0,"ocean_custom_logo_tablet_max_height":0,"ocean_custom_logo_mobile_max_height":0,"ocean_header_custom_menu":"0","ocean_menu_typo_font_family":"0","ocean_menu_typo_font_subset":"","ocean_menu_typo_font_size":0,"ocean_menu_typo_font_size_tablet":0,"ocean_menu_typo_font_size_mobile":0,"ocean_menu_typo_font_size_unit":"px","ocean_menu_typo_font_weight":"","ocean_menu_typo_font_weight_tablet":"","ocean_menu_typo_font_weight_mobile":"","ocean_menu_typo_transform":"","ocean_menu_typo_transform_tablet":"","ocean_menu_typo_transform_mobile":"","ocean_menu_typo_line_height":0,"ocean_menu_typo_line_height_tablet":0,"ocean_menu_typo_line_height_mobile":0,"ocean_menu_typo_line_height_unit":"","ocean_menu_typo_spacing":0,"ocean_menu_typo_spacing_tablet":0,"ocean_menu_typo_spacing_mobile":0,"ocean_menu_typo_spacing_unit":"","ocean_menu_link_color":"","ocean_menu_link_color_hover":"","ocean_menu_link_color_active":"","ocean_menu_link_background":"","ocean_menu_link_hover_background":"","ocean_menu_link_active_background":"","ocean_menu_social_links_bg":"","ocean_menu_social_hover_links_bg":"","ocean_menu_social_links_color":"","ocean_menu_social_hover_links_color":"","ocean_disable_title":"default","ocean_disable_heading":"default","ocean_post_title":"","ocean_post_subheading":"","ocean_post_title_style":"","ocean_post_title_background_color":"","ocean_post_title_background":0,"ocean_post_title_bg_image_position":"","ocean_post_title_bg_image_attachment":"","ocean_post_title_bg_image_repeat":"","ocean_post_title_bg_image_size":"","ocean_post_title_height":0,"ocean_post_title_bg_overlay":0.5,"ocean_post_title_bg_overlay_color":"","ocean_disable_breadcrumbs":"default","ocean_breadcrumbs_color":"","ocean_breadcrumbs_separator_color":"","ocean_breadcrumbs_links_color":"","ocean_breadcrumbs_links_hover_color":"","ocean_display_footer_widgets":"default","ocean_display_footer_bottom":"default","ocean_custom_footer_template":"0","_joinchat":[],"footnotes":""},"class_list":["post-1067","page","type-page","status-publish","hentry","entry"],"yoast_head":"<!-- This site is optimized with the Yoast SEO plugin v26.1 - https:\/\/yoast.com\/wordpress\/plugins\/seo\/ -->\n<title>Cl\u00e1usulas informativas en formularios web (DOBLE CAPA) - Cristina Ruano Psicologa<\/title>\n<meta name=\"robots\" content=\"index, follow, max-snippet:-1, max-image-preview:large, max-video-preview:-1\" \/>\n<link rel=\"canonical\" href=\"https:\/\/cristinaruanopsicologiamoncloa.com\/index.php\/clausulas-informativas-en-formularios-web-doble-capa\/\" \/>\n<meta property=\"og:locale\" content=\"es_ES\" \/>\n<meta property=\"og:type\" content=\"article\" \/>\n<meta property=\"og:title\" content=\"Cl\u00e1usulas informativas en formularios web (DOBLE CAPA) - Cristina Ruano Psicologa\" \/>\n<meta property=\"og:description\" content=\"En cada uno de los formularios donde se obtengan datos personales, se deber\u00e1 facilitar una informaci\u00f3nb\u00e1sica del tratamiento (1\u00aa capa) que incluya, al menos:La identidad del responsable del tratamiento y de su representante, en su caso.No ser\u00e1 necesario facilitar esta informaci\u00f3n cuando su identidad est\u00e9 en el aviso legal y adem\u00e1spueda desprenderse de forma evidente [&hellip;]\" \/>\n<meta property=\"og:url\" content=\"https:\/\/cristinaruanopsicologiamoncloa.com\/index.php\/clausulas-informativas-en-formularios-web-doble-capa\/\" \/>\n<meta property=\"og:site_name\" content=\"Cristina Ruano Psicologa\" \/>\n<meta property=\"article:modified_time\" content=\"2023-07-17T08:53:30+00:00\" \/>\n<meta name=\"twitter:card\" content=\"summary_large_image\" \/>\n<meta name=\"twitter:label1\" content=\"Tiempo de lectura\" \/>\n\t<meta name=\"twitter:data1\" content=\"2 minutos\" \/>\n<script type=\"application\/ld+json\" class=\"yoast-schema-graph\">{\"@context\":\"https:\/\/schema.org\",\"@graph\":[{\"@type\":\"WebPage\",\"@id\":\"https:\/\/cristinaruanopsicologiamoncloa.com\/index.php\/clausulas-informativas-en-formularios-web-doble-capa\/\",\"url\":\"https:\/\/cristinaruanopsicologiamoncloa.com\/index.php\/clausulas-informativas-en-formularios-web-doble-capa\/\",\"name\":\"Cl\u00e1usulas informativas en formularios web (DOBLE CAPA) - Cristina Ruano Psicologa\",\"isPartOf\":{\"@id\":\"https:\/\/cristinaruanopsicologiamoncloa.com\/#website\"},\"datePublished\":\"2023-07-17T08:53:28+00:00\",\"dateModified\":\"2023-07-17T08:53:30+00:00\",\"breadcrumb\":{\"@id\":\"https:\/\/cristinaruanopsicologiamoncloa.com\/index.php\/clausulas-informativas-en-formularios-web-doble-capa\/#breadcrumb\"},\"inLanguage\":\"es\",\"potentialAction\":[{\"@type\":\"ReadAction\",\"target\":[\"https:\/\/cristinaruanopsicologiamoncloa.com\/index.php\/clausulas-informativas-en-formularios-web-doble-capa\/\"]}]},{\"@type\":\"BreadcrumbList\",\"@id\":\"https:\/\/cristinaruanopsicologiamoncloa.com\/index.php\/clausulas-informativas-en-formularios-web-doble-capa\/#breadcrumb\",\"itemListElement\":[{\"@type\":\"ListItem\",\"position\":1,\"name\":\"Portada\",\"item\":\"https:\/\/cristinaruanopsicologiamoncloa.com\/\"},{\"@type\":\"ListItem\",\"position\":2,\"name\":\"Cl\u00e1usulas informativas en formularios web (DOBLE CAPA)\"}]},{\"@type\":\"WebSite\",\"@id\":\"https:\/\/cristinaruanopsicologiamoncloa.com\/#website\",\"url\":\"https:\/\/cristinaruanopsicologiamoncloa.com\/\",\"name\":\"Cristina Ruano Psicologa\",\"description\":\"Psicolog\u00eda\",\"publisher\":{\"@id\":\"https:\/\/cristinaruanopsicologiamoncloa.com\/#organization\"},\"potentialAction\":[{\"@type\":\"SearchAction\",\"target\":{\"@type\":\"EntryPoint\",\"urlTemplate\":\"https:\/\/cristinaruanopsicologiamoncloa.com\/?s={search_term_string}\"},\"query-input\":{\"@type\":\"PropertyValueSpecification\",\"valueRequired\":true,\"valueName\":\"search_term_string\"}}],\"inLanguage\":\"es\"},{\"@type\":\"Organization\",\"@id\":\"https:\/\/cristinaruanopsicologiamoncloa.com\/#organization\",\"name\":\"Cristina Ruano Psicologa\",\"url\":\"https:\/\/cristinaruanopsicologiamoncloa.com\/\",\"logo\":{\"@type\":\"ImageObject\",\"inLanguage\":\"es\",\"@id\":\"https:\/\/cristinaruanopsicologiamoncloa.com\/#\/schema\/logo\/image\/\",\"url\":\"https:\/\/cristinaruanopsicologiamoncloa.com\/wp-content\/uploads\/2023\/03\/cropped-logo_CRuano_blanco-01_baja-01.png\",\"contentUrl\":\"https:\/\/cristinaruanopsicologiamoncloa.com\/wp-content\/uploads\/2023\/03\/cropped-logo_CRuano_blanco-01_baja-01.png\",\"width\":300,\"height\":260,\"caption\":\"Cristina Ruano Psicologa\"},\"image\":{\"@id\":\"https:\/\/cristinaruanopsicologiamoncloa.com\/#\/schema\/logo\/image\/\"}}]}<\/script>\n<!-- \/ Yoast SEO plugin. -->","yoast_head_json":{"title":"Cl\u00e1usulas informativas en formularios web (DOBLE CAPA) - Cristina Ruano Psicologa","robots":{"index":"index","follow":"follow","max-snippet":"max-snippet:-1","max-image-preview":"max-image-preview:large","max-video-preview":"max-video-preview:-1"},"canonical":"https:\/\/cristinaruanopsicologiamoncloa.com\/index.php\/clausulas-informativas-en-formularios-web-doble-capa\/","og_locale":"es_ES","og_type":"article","og_title":"Cl\u00e1usulas informativas en formularios web (DOBLE CAPA) - Cristina Ruano Psicologa","og_description":"En cada uno de los formularios donde se obtengan datos personales, se deber\u00e1 facilitar una informaci\u00f3nb\u00e1sica del tratamiento (1\u00aa capa) que incluya, al menos:La identidad del responsable del tratamiento y de su representante, en su caso.No ser\u00e1 necesario facilitar esta informaci\u00f3n cuando su identidad est\u00e9 en el aviso legal y adem\u00e1spueda desprenderse de forma evidente [&hellip;]","og_url":"https:\/\/cristinaruanopsicologiamoncloa.com\/index.php\/clausulas-informativas-en-formularios-web-doble-capa\/","og_site_name":"Cristina Ruano Psicologa","article_modified_time":"2023-07-17T08:53:30+00:00","twitter_card":"summary_large_image","twitter_misc":{"Tiempo de lectura":"2 minutos"},"schema":{"@context":"https:\/\/schema.org","@graph":[{"@type":"WebPage","@id":"https:\/\/cristinaruanopsicologiamoncloa.com\/index.php\/clausulas-informativas-en-formularios-web-doble-capa\/","url":"https:\/\/cristinaruanopsicologiamoncloa.com\/index.php\/clausulas-informativas-en-formularios-web-doble-capa\/","name":"Cl\u00e1usulas informativas en formularios web (DOBLE CAPA) - Cristina Ruano Psicologa","isPartOf":{"@id":"https:\/\/cristinaruanopsicologiamoncloa.com\/#website"},"datePublished":"2023-07-17T08:53:28+00:00","dateModified":"2023-07-17T08:53:30+00:00","breadcrumb":{"@id":"https:\/\/cristinaruanopsicologiamoncloa.com\/index.php\/clausulas-informativas-en-formularios-web-doble-capa\/#breadcrumb"},"inLanguage":"es","potentialAction":[{"@type":"ReadAction","target":["https:\/\/cristinaruanopsicologiamoncloa.com\/index.php\/clausulas-informativas-en-formularios-web-doble-capa\/"]}]},{"@type":"BreadcrumbList","@id":"https:\/\/cristinaruanopsicologiamoncloa.com\/index.php\/clausulas-informativas-en-formularios-web-doble-capa\/#breadcrumb","itemListElement":[{"@type":"ListItem","position":1,"name":"Portada","item":"https:\/\/cristinaruanopsicologiamoncloa.com\/"},{"@type":"ListItem","position":2,"name":"Cl\u00e1usulas informativas en formularios web (DOBLE CAPA)"}]},{"@type":"WebSite","@id":"https:\/\/cristinaruanopsicologiamoncloa.com\/#website","url":"https:\/\/cristinaruanopsicologiamoncloa.com\/","name":"Cristina Ruano Psicologa","description":"Psicolog\u00eda","publisher":{"@id":"https:\/\/cristinaruanopsicologiamoncloa.com\/#organization"},"potentialAction":[{"@type":"SearchAction","target":{"@type":"EntryPoint","urlTemplate":"https:\/\/cristinaruanopsicologiamoncloa.com\/?s={search_term_string}"},"query-input":{"@type":"PropertyValueSpecification","valueRequired":true,"valueName":"search_term_string"}}],"inLanguage":"es"},{"@type":"Organization","@id":"https:\/\/cristinaruanopsicologiamoncloa.com\/#organization","name":"Cristina Ruano Psicologa","url":"https:\/\/cristinaruanopsicologiamoncloa.com\/","logo":{"@type":"ImageObject","inLanguage":"es","@id":"https:\/\/cristinaruanopsicologiamoncloa.com\/#\/schema\/logo\/image\/","url":"https:\/\/cristinaruanopsicologiamoncloa.com\/wp-content\/uploads\/2023\/03\/cropped-logo_CRuano_blanco-01_baja-01.png","contentUrl":"https:\/\/cristinaruanopsicologiamoncloa.com\/wp-content\/uploads\/2023\/03\/cropped-logo_CRuano_blanco-01_baja-01.png","width":300,"height":260,"caption":"Cristina Ruano Psicologa"},"image":{"@id":"https:\/\/cristinaruanopsicologiamoncloa.com\/#\/schema\/logo\/image\/"}}]}},"_links":{"self":[{"href":"https:\/\/cristinaruanopsicologiamoncloa.com\/index.php\/wp-json\/wp\/v2\/pages\/1067","targetHints":{"allow":["GET"]}}],"collection":[{"href":"https:\/\/cristinaruanopsicologiamoncloa.com\/index.php\/wp-json\/wp\/v2\/pages"}],"about":[{"href":"https:\/\/cristinaruanopsicologiamoncloa.com\/index.php\/wp-json\/wp\/v2\/types\/page"}],"author":[{"embeddable":true,"href":"https:\/\/cristinaruanopsicologiamoncloa.com\/index.php\/wp-json\/wp\/v2\/users\/1"}],"replies":[{"embeddable":true,"href":"https:\/\/cristinaruanopsicologiamoncloa.com\/index.php\/wp-json\/wp\/v2\/comments?post=1067"}],"version-history":[{"count":1,"href":"https:\/\/cristinaruanopsicologiamoncloa.com\/index.php\/wp-json\/wp\/v2\/pages\/1067\/revisions"}],"predecessor-version":[{"id":1068,"href":"https:\/\/cristinaruanopsicologiamoncloa.com\/index.php\/wp-json\/wp\/v2\/pages\/1067\/revisions\/1068"}],"wp:attachment":[{"href":"https:\/\/cristinaruanopsicologiamoncloa.com\/index.php\/wp-json\/wp\/v2\/media?parent=1067"}],"curies":[{"name":"wp","href":"https:\/\/api.w.org\/{rel}","templated":true}]}}